 5*v(l). Calculate s(2).
6
Suppose -h - h + 2*o = 4, h - 6 = 5*o. Let x(q) be the third derivative of 5*q**2 + 1/12*q**4 + 0*q + 0 + 1/6*q**3. Determine x(h).
-7
Let u(z) = z**3 - 12*z**2 + 10*z + 13. Let c be u(11). Let d(t) = t**2 - 3*t. Give d(c).
-2
Suppose 2*w - 4*m = -14, 3*w - m + 0 - 4 = 0. Let j(r) = 4 - 2*r**3 + 3*r**3 + 3*r + 0*r**2 - 4*r**2. Calculate j(w).
4
Let k = 17 - 11. Let v(j) be the third derivative of j**5/60 - j**4/4 - j**3/2 - 2*j**2. Give v(k).
-3
Let t(w) be the first derivative of -1 + 0*w**5 + 0*w + 0*w**3 + 0*w**4 - 1/30*w**6 + 1/2*w**2. Let n(b) be the second derivative of t(b). Calculate n(-1).
4
Suppose -3*t + 2*n + 0 = 13, -3*n + 9 = -t. Let w(s) = -3*s - 2. Give w(t).
7
Let t(i) = 4*i**3 + 4*i**2 + 6*i + 1. Let v(m) = 5*m**3 + 4*m**2 + 7*m + 2. Let c(y) = -4*t(y) + 3*v(y). Calculate c(-3).
2
Let x(r) = -r**3 - r**2 - r - 15. Let y = -7 + 7. Determine x(y).
-15
Let u be 1 - ((7 - 0) + -7). Let g(t) be the third derivative of -t**2 - 1/6*t**3 + 0*t + 0 + 7/24*t**4. Give g(u).
6
Let v(t) be the second derivative of t**3/6 + t**2/2 - 9*t. Suppose 4 = 2*k, 2*n + 2*k - 6 = 22. Suppose 3*h - 7*h = -n. Determine v(h).
4
Suppose 5*c + 0 = 30. Let i(o) = 6*o - o**2 + c*o**2 + 1 - 9*o**2 + 5*o**2. Give i(-6).
1
Suppose 4*o - 64 = -4*o. Let g(d) = d**3 - 9*d**2 + 9*d + 7. Calculate g(o).
15
Let l = -10 + 6. Let n(k) be the second derivative of -k**5/20 - k**4/3 + k**3/6 - 5*k**2/2 + 2*k. What is n(l)?
-9
Let u(o) = -o**2 - 3*o - 2. Let i = 0 - -6. Suppose 5*w - 2 = i*w. Determine u(w).
0
Let t(y) be the second derivative of -1/2*y**2 + 5/12*y**4 - 3*y + 0 - 1/2*y**3 - 1/20*y**5. Give t(4).
3
Let m(p) = -3*p**3 - 3*p**2 - p**3 - 4*p + 2 + p**3 + 4*p**3. What is m(4)?
2
Let d(f) = f**2 - 4*f + 2. Let p be d(4). Suppose -5*w + 4 = -5*n - 1, 2*n + 5*w - 19 = 0. Let g(l) = l + n + 0 - 3 - 1. What is g(p)?
0
Let g(a) = -6*a + 2. Let c(f) = f**3 - 4*f**2 - 11*f - 8. Let k be c(6). Give g(k).
14
Let l(u) = -u**3 - u**2 + u + 1. Let d(p) = -2*p**3 + 4*p**2 - 3*p + 7. Let z(a) = d(a) - l(a). What is z(5)?
-14
Suppose -3*r = -4*r + 2. Let f(x) = -x**2 - x - 1 + 2*x**3 + 3*x - x**2. Give f(r).
11
Let i(d) = d - 5. Suppose -b = -1 - 22. Let v = -23 + b. Calculate i(v).
-5
Let j(x) = -2*x - 1. Let c be -6 + (3/(-3))/(-1). Let i = c - -17. Suppose 4*m = 8*m - i. Give j(m).
-7
Let o(u) = 0*u**2 + 2*u + 5*u**2 - 4*u**2 + 3*u. Determine o(-6).
6
Let w(n) = 5*n - 2. Let g(a) = 5*a + 1. Let y(t) = -11*t - 1. Let f(d) = 11*g(d) + 6*y(d). Let q(p) = 6*f(p) + 13*w(p). Calculate q(5).
-1
Let a(r) = 4*r + 1. Let l(g) = g + 3. Let x be l(3). Let n = -1 + x. Let z = 4 - n. Determine a(z).
-3
Suppose -2*t - 4*b = -18, 6*t - t - 3*b + 20 = 0. Let c(n) be the first derivative of -15*n**4/4 + 2. What is c(t)?
15
Let o be (2/(-1) - 16)*-7. Let l be 2/9 + (-406)/o. Let j(i) = i**3 + 2*i**2 + 2*i + 1. Give j(l).
-14
Let h(k) = 11*k**2 + 7*k - 7. Let v(q) = -4 + 5*q + 2*q - 3*q + 6*q**2. Let b = 12 - 19. Let a(c) = b*v(c) + 4*h(c). Give a(-1).
2
Let r(l) = -l + 1. Let u(x) = 4*x + 2. Let i(p) = 6*r(p) + 2*u(p). What is i(-7)?
-4
Let i(x) = x**3 - 4*x**2 - 6*x + 6. Let f be i(5). Suppose f = -2*t + 13. Let d = -4 + t. Let k(o) = 2*o**3 - 3*o**2 + o - 2. Give k(d).
4
Let r(z) = z**2 - 5*z + 6. Let d(l) = 2*l**2 - 6*l + 7. Let a(k) = -2*d(k) + 3*r(k). Suppose -24*y - 11*y = 105. Calculate a(y).
4
Let x(z) = z**3 - 5*z**2 - z + 1. Let j be (-7 + 19)*6/4. Suppose -3*k - 3*r + j = 0, -k + 14 = k + 4*r. Give x(k).
-4
Let n(g) be the third derivative of -g**4/6 + g**3/3 - 10*g**2. Determine n(2).
-6
Let t = -39 + 42. Let a(d) = -d**3 + 3*d**2 + d. Give a(t).
3
Let g = -17 - -19. Let h(y) = 7*y**3 - y + 4. Let o(u) = -u**3 - 1. Let b(c) = -h(c) - 6*o(c). What is b(g)?
-4
Let b = 15 + -11. Let d(x) = x**3 - 2*x**3 + 2*x**3 + b*x**2 + x. Calculate d(-4).
-4
Suppose 0*k = -k. Let w(f) = 5*f**2 + 4 - f - f**2 + f**3 - 3*f**2. What is w(k)?
4
Let u(j) = -3*j**2 + 10*j**3 - 4*j - 2 - 9*j**3 + 5. Suppose 3*d - 2 - 19 = 0. Let r = d + -3. What is u(r)?
3
Let u be 1*-5*(-4)/20. Let j(y) = 2*y - 1. What is j(u)?
1
Let k(f) = -4*f**2 + 2*f + 1. Let h(v) = -2*v + 5. Suppose 2*g - 7 = -1. Let w be h(g). Calculate k(w).
-5
Let i = 5 - 3. Suppose -d + 5 = -2*d. Let f(q) = 3*q**3 - 13*q**2 + 3*q + 7. Let b(k) = k**3 - 6*k**2 + k + 3. Let w(a) = d*b(a) + i*f(a). What is w(-3)?
5
Let a(t) = -1 - 9*t**2 + t**2 + 9*t**2. What is a(2)?
3
Let j(p) = 6*p**2 + 1. Let c(n) = -n**2 - n. Let y(m) = 5*c(m) + j(m). Let o be y(4). Let s be (-4 - o - -3) + 0. Let u(x) = -2*x**2 + 1. Determine u(s).
-7
Let w(v) = v**3 - 7*v**2 + 7*v - 6. Let k be w(6). Suppose 22 = 5*z - f, 0*f - 8 = -z + 2*f. Suppose k = -m - z*m - 5. Let u(a) = -4*a**2 - a. Calculate u(m).
-3
Let p(z) = z - 6. Let m be p(11). Let n(b) = -7*b + 6*b**2 + 1 - 4 - m*b**2. Determine n(6).
-9
Let r be (-1)/4*-4*4. Let g(b) = 5*b**2 - b**3 + 0*b**3 + 2 - 5*b + 1. Calculate g(r).
-1
Let k(r) = 3*r - 6. Let m(y) = -2*y + 5. Let x(n) = 3*k(n) + 4*m(n). Calculate x(3).
5
Let w(j) be the first derivative of -j**4/4 + j**2/2 - 2*j - 7. Calculate w(2).
-8
Suppose 2*i - 1 = -5*a, -3*i = -0*a - 3*a - 12. Let n(h) = -h**2 + 4*h + 4. Let o be n(5). Let u = o - a. Let c(y) = y + 4. Give c(u).
4
Let c(y) = 14*y**2 - 9*y + 9. Let r be (-4)/(-14) + (-2)/7. Suppose -2*p = -r*p - 22. Let h(a) = -5*a**2 + 3*a - 3. Let q(d) = p*h(d) + 4*c(d). Calculate q(3).
3
Let p(z) = -2 - z + 6 - 2 + 0. Let o(i) = -6*i**2 + 1. Let q be o(1). What is p(q)?
7
Let h(q) = -5*q - 5*q**2 - 33 + 33 - q**3. What is h(-4)?
4
Let w(n) = 2*n**2 + 5*n + 7. Let m(o) = 4. Let f(q) = -1. Let j(z) = 3*f(z) + m(z). Let a(r) = -4*j(r) + w(r). Calculate a(-3).
6
Let t(f) = 4*f**2 - f. Let b be t(1). Let g(w) = -3 - w**b - 6*w**2 + 0 - 4*w + 2*w**2. Suppose 5*d - 4*m + 26 = 0, 0 = 5*d - 3*m - 0 + 22. What is g(d)?
-3
Suppose -j + 5*u = -5*j - 6, 3*j - 4*u - 11 = 0. Let k(n) = 5*n**2. Calculate k(j).
5
Let k = -60 + 65. Let c(y) = 5*y**3 - 14*y**2 + 26*y - 14. Let q(o) = o**3 - 3*o**2 + 5*o - 3. Let b = 22 - 33. Let l(v) = b*q(v) + 2*c(v). What is l(k)?
-10
Let r(l) be the second derivative of l**4/12 + 5*l**3/6 + l**2 - 2*l. Suppose -3*m = 7*m + 30. What is r(m)?
-4
Let m(w) = 2*w - 7. Let h(u) = u - 3. Let k(i) = 5*h(i) - 3*m(i). Calculate k(7).
-1
Let c be 3*2 - (-2 + 4). Let j(y) = 2 - c*y + y + 5*y. Let q be (0 + (0 - 2))*-1. Calculate j(q).
6
Let w(c) = -2*c - 4. Let y be w(-3). Let b(p) = 9*p**2 - 2*p + 2. Let h be (1 - -1)/2*-11. Let f(m) = 5*m**2 - m + 1. Let v(q) = h*f(q) + 6*b(q). Give v(y).
-5
Let o(d) = -d**3 + 2*d**2 + d + 3. Let b be o(3). Let g(u) = -u - 1. Let c be g(b). Let k(i) = -2 + c*i**2 + 6 - i**3 - 1 + i. What is k(3)?
-3
Suppose -h - 28 = 3*h. Let v = 5 + h. Let b(s) = s**3 + 4*s**2 - s - 1. What is b(v)?
9
Let b(x) be the second derivative of x**3/6 - x**2/2 + 6*x. Calculate b(-5).
-6
Let t(d) = 3 - 4*d + 2 + 7*d**2 - 3 - 6*d**2. Let b(j) = 2*j - 10. Let g be b(7). Determine t(g).
2
Let q(t) = 0*t**2 + 5*t**2 + t**3 + 0 - 1. Give q(-5).
-1
Let b(h) = -h**2 - 2*h + 2. Let l be b(-2). Suppose -l*x = -5*x. Let j(m) = 5*m - 5*m + x - 1 + 4*m. Calculate j(2).
7
Suppose 4*m + 40 = 4*t, -m - 2 = t + 2*t. Let l(w) be the third derivative of w**6/120 + 7*w**5/60 - 7*w**4/24 + 11*w**3/6 - w**2. Give l(m).
3
Let n(a) = 5 + 0 - 5*a - 2 + 0. Suppose -6 = -2*t + t. Let c(g) = g. Let w(f) = t*c(f) + n(f). Determine w(4).
7
Let b(h) = 3*h**3 + 32*h**2 - h - 32. Let k(q) = -q**3 - 11*q**2 + 11. Let m(p) = 6*b(p) + 17*k(p). What is m(-6)?
-5
Let m be (12/(-14))/(18/(-63)). Let p(j) = -j**3 + j**2 + 3*j + 2. Calculate p(m).
-7
Let z(k) = k**2 + 2*k**2 + 3*k**3 - k + 2*k**2 - 2*k**3. Let j be z(-5). Let u(a) = -a - 3. Calculate u(j).
-8
Let u(r) = 3*r + 241 + r**2 - 8*r - 3*r - 234. What is u(7)?
0
Let w(z) = 0 - 1 - 8*z + 1 + 4 + 2*z**2. What is w(5)?
14
Let p be (6/(-8))/(1/(-4)). Suppose 0 = 4*h - 15 + p. Let j(i) be the first derivative of -i**4/4 + i**3 - 2*i - 6. What is j(h)?
-2
Let a(g) be the second derivative of -g**5/30 - g**4/12 + g**3/2 - g**2/2 - 3*g. Let r(u) be the first derivative of a(u). Calculate r(-3).
-9
Let m(s) be the first derivative of 4*s - s**3 + 2*s**2 + 2 - 1/4*s**4. Determine m(-4).
4
Let v(t) be the second derivative of -t**5/20 - t**4/3 - t**